ate the greatest common divisor of 15 and 60720.
15
What is the highest common factor of 8 and 6444808?
8
Calculate the highest common divisor of 7089824 and 64.
32
Calculate the highest common divisor of 4224 and 3003.
33
Calculate the highest common factor of 2562 and 10458.
42
Calculate the greatest common factor of 1838384 and 4272.
1424
What is the highest common divisor of 936 and 1898?
26
What is the greatest common factor of 2830 and 40?
10
What is the greatest common factor of 5184 and 8937?
27
Calculate the greatest common divisor of 131235 and 1560.
195
Calculate the greatest common divisor of 8512 and 20368.
304
Calculate the greatest common divisor of 16036 and 114.
38
What is the highest common divisor of 165 and 329538?
33
What is the highest common factor of 125870 and 164?
82
Calculate the greatest common divisor of 20 and 4735.
5
What is the greatest common factor of 105 and 6585?
15
What is the highest common factor of 6294 and 60?
6
What is the highest common factor of 80 and 98380?
20
Calculate the greatest common divisor of 1146353 and 327.
109
What is the highest common divisor of 34 and 149039?
17
What is the highest common factor of 1340088 and 204?
12
Calculate the highest common factor of 3895837 and 121.
121
What is the greatest common factor of 990 and 11190?
30
What is the highest common factor of 309033 and 36?
9
Calculate the greatest common divisor of 9344 and 5548.
292
What is the highest common divisor of 117 and 93990?
39
Calculate the greatest common divisor of 2421 and 1251.
9
Calculate the highest common factor of 21206 and 463766.
922
Calculate the greatest common factor of 146415 and 7491.
681
Calculate the highest common factor of 417534 and 4242.
606
What is the highest common divisor of 14336 and 91?
7
What is the greatest common divisor of 23675 and 1000?
25
Calculate the highest common factor of 650095 and 230.
115
Calculate the greatest common divisor of 129137 and 183.
61
Calculate the greatest common divisor of 420 and 426405.
105
Calculate the highest common divisor of 5752 and 32355.
719
Calculate the greatest common divisor of 3873 and 159.
3
Calculate the highest common divisor of 5 and 25658.
1
Calculate the highest common divisor of 143 and 6318.
13
Calculate the highest common divisor of 9675 and 15867.
387
What is the highest common factor of 14790 and 120?
30
Calculate the greatest common divisor of 2983 and 1727.
157
Calculate the highest common divisor of 16 and 45326.
2
Calculate the highest common factor of 1080 and 7270.
10
Calculate the greatest common factor of 3392 and 3008.
64
What is the greatest common factor of 17 and 175729?
17
What is the greatest common divisor of 109926 and 5022?
558
Calculate the highest common factor of 526440 and 560.
40
Calculate the greatest common factor of 210 and 23910.
30
Calculate the highest common factor of 165 and 2513720.
55
Calculate the highest common divisor of 50 and 179650.
50
What is the greatest common divisor of 828 and 136332?
36
What is the highest common factor of 26582 and 74?
2
What is the highest common divisor of 1427797 and 7?
7
Calculate the highest common divisor of 2996 and 2716.
28
What is the greatest common factor of 36 and 4596?
12
What is the highest common divisor of 6717200 and 1120?
560
Calculate the greatest common divisor of 13659 and 17603.
29
What is the greatest common factor of 1435 and 70725?
205
What is the greatest common factor of 4640 and 7840?
160
Calculate the greatest common factor of 102 and 4362.
6
What is the greatest common divisor of 5825 and 665?
5
Calculate the highest common divisor of 199944 and 1560.
24
What is the highest common divisor of 414384 and 80?
16
Calculate the greatest common divisor of 5152 and 37835.
161
Calculate the highest common factor of 2546 and 18.
2
Calculate the highest common factor of 9375 and 930.
15
What is the greatest common factor of 527660 and 224?
28
Calculate the greatest common factor of 8178 and 131741.
47
What is the greatest common factor of 13528 and 589?
19
Calculate the greatest common factor of 475434 and 72.
18
What is the highest common factor of 72 and 161832?
24
What is the highest common divisor of 51480 and 280?
40
Calculate the greatest common divisor of 2694 and 294095.
449
Calculate the greatest common factor of 15736 and 140.
28
What is the highest common divisor of 5789 and 49?
7
What is the highest common factor of 165 and 5500?
55
Calculate the highest common factor of 3625 and 530555.
145
What is the greatest common factor of 228036 and 372?
372
What is the highest common divisor of 284597 and 17?
17
Calculate the greatest common factor of 324 and 50844.
12
Calculate the highest common factor of 279771 and 6.
3
What is the highest common factor of 5090 and 50?
10
What is the greatest common factor of 468 and 1065636?
468
Calculate the greatest common factor of 2900 and 5539.
29
Calculate the highest common divisor of 18979 and 1.
1
What is the greatest common divisor of 444705 and 2578?
1289
Calculate the highest common divisor of 5583055 and 19.
19
Calculate the greatest common factor of 6 and 108126.
6
What is the greatest common divisor of 67041 and 9477?
351
What is the greatest common divisor of 638106 and 42?
42
Calculate the greatest common factor of 38800 and 1200.
400
What is the greatest common factor of 304 and 16492?
76
Calculate the greatest common divisor of 237424 and 144.
16
Calculate the highest common divisor of 3060 and 414360.
180
Calculate the highest common factor of 42792 and 600.
24
Calculate the highest common divisor of 635025 and 75.
75
Calculate the greatest common divisor of 46588 and 19.
19
Calculate the greatest common divisor of 996 and 9545.
83
What is the greatest common factor of 21287 and 56?
7
Calculate the highest common factor of 10 and 514610.
10
Calculate the highest common divisor of 4692 and 2754.
102
Calculate the greatest common divisor of 76 and 21147.
19
What is the greatest common factor of 1103943 and 145?
29
What is the highest common factor of 14750 and 350?
50
Calculate the highest common factor of 42824 and 7950.
106
Calculate the highest common divisor of 1355 and 15989.
271
What is the highest common factor of 128 and 2752?
64
What is the highest common factor of 3132 and 13032?
36
What is the highest common divisor of 2020 and 77568?
404
Calculate the highest common factor of 632 and 117868.
316
Calculate the highest common divisor of 96 and 130512.
48
What is the highest common divisor of 8925 and 17?
17
Calculate the greatest common divisor of 1514043 and 9.
9
What is the greatest common divisor of 928 and 69194?
58
What is the greatest common divisor of 50840 and 615?
205
What is the greatest common divisor of 1417 and 53192?
109
What is the highest common factor of 208077 and 258?
129
Calculate the greatest common divisor of 216315 and 69255.
855
What is the highest common factor of 8055 and 153?
9
Calculate the highest common factor of 35 and 107422.
7
Calculate the highest common divisor of 38829 and 42.
21
What is the highest common factor of 6648 and 1104?
24
Calculate the greatest common factor of 2921520 and 48.
48
What is the greatest common divisor of 96 and 6847392?
96
What is the highest common factor of 4232 and 712?
8
What is the highest common factor of 4916 and 8?
4
What is the greatest common factor of 83693 and 3175?
127
Calculate the highest common factor of 1878136 and 104.
104
What is the greatest common factor of 1513172 and 310?
62
What is the greatest common factor of 302 and 11170?
2
Calculate the highest common divisor of 11101 and 51.
17
What is the greatest common factor of 6 and 102570?
6
What is the highest common factor of 1580 and 126716?
316
Calculate the greatest common divisor of 10230 and 961.
31
Calculate the highest common divisor of 36015 and 107310.
735
What is the greatest common factor of 15 and 16593?
3
Calculate the highest common factor of 23520 and 180.
60
Calculate the greatest common factor of 36 and 3628.
4
What is the greatest common divisor of 87 and 907584?
87
Calculate the greatest common divisor of 7908 and 16.
4
What is the highest common divisor of 188 and 1316?
188
Calculate the greatest common divisor of 193645 and 15